ctor of 50 and r.
10
Suppose -68 = -3*k + 4. What is the greatest common divisor of 8 and k?
8
Let g(d) = -d - 20. Let j be g(-9). Let f(u) = u**2 + 9*u - 14. Let h be f(j). Calculate the highest common factor of 8 and h.
8
Suppose 0*o + o - 15 = 0. Calculate the highest common factor of o and 60.
15
Suppose 5*q = 4*q + 2*p - 186, -q - 170 = 2*p. Let r = 332 + q. Calculate the greatest common divisor of r and 14.
14
Let t = 0 + 18. Calculate the highest common factor of t and 2.
2
Let k be (5/10 - -1)*10/3. Suppose -10 + 30 = 5*b. Suppose -3*w - 2*s = -70, -b*s - 125 = -k*w + s. Calculate the greatest common divisor of 216 and w.
24
Let b = 66 - 41. Suppose -5 = 3*l - 5*r, 0 = -5*l - r + 4*r + 13. Suppose 2*z + 10 = 0, -3*y + 0*z + l = 2*z. Calculate the highest common factor of b and y.
5
Let h be -2*6 - (-5 + 4). Let l = h + 14. What is the highest common divisor of l and 21?
3
Suppose -4*b = 4*m - 192, -36 = -3*m + 2*m + 5*b. Calculate the greatest common divisor of 69 and m.
23
Let u be (3/(-3))/1*-1. Let d be (-33)/(-12) + (-2)/(-8). What is the highest common divisor of d and u?
1
Let d = 37 - 15. What is the greatest common factor of 11 and d?
11
Suppose -5*w = 6*q - q - 65, -w + 10 = -2*q. Suppose u + w = 27. What is the highest common divisor of 10 and u?
5
Suppose -5*k = 5*p - 80, 2*p + 3*p = -4*k + 79. Let m be 4/(-6) - (-454)/6. Calculate the greatest common divisor of p and m.
15
Let o be 178 + 4/6*3. Calculate the highest common factor of o and 20.
20
Let m be 153/(-5) - 4/10. Let r = 67 + m. Let c be (-2)/(-9) + 388/r. What is the greatest common factor of 121 and c?
11
Let z(c) = -5 + 4 + 1 + 15*c. Let w be z(3). Calculate the highest common factor of w and 9.
9
Let k = 511 - 7. Suppose -k = -6*u + 2*u. Let i be (-4)/14 + (-128)/(-7). Calculate the highest common divisor of i and u.
18
Let c be 19/7 + (-6)/(-21). Suppose 2*s + 2*s - 4*f - 40 = 0, 0 = -4*s + c*f + 41. What is the highest common factor of 1 and s?
1
Let c be (-2)/14 - (-45)/21. Suppose -c*o = -1 - 13. Calculate the greatest common divisor of o and 28.
7
Let r = -6 - -11. Suppose 2*f - 6*f - 47 = 5*t, -5*t - 55 = r*f. Let v be ((-4)/f)/((-2)/(-136)). Calculate the greatest common factor of v and 17.
17
Suppose 0 = 5*j - 9*j + 260. Calculate the greatest common factor of 26 and j.
13
Suppose 0 = -6*w - 0*w + 6. Let x be 0 - 2 - w*-3. Suppose k + 1 = -2*h - 4, 5*h = 5*k - 20. What is the greatest common factor of x and k?
1
Let m be (0 - -6)*20/24. Calculate the greatest common divisor of 5 and m.
5
Let c be -1*7*(1 - 2). Let o be ((-3)/(-6) + -1)*0. Let h(t) = -t + 1. Let j be h(o). What is the highest common divisor of j and c?
1
Let g = 158 + -48. Let n = 421 - 411. What is the highest common divisor of n and g?
10
Suppose -4 = i + 2*v, -6*v + 7 = -5*i - 3*v. Let g be (i - 0/1) + 16. Calculate the greatest common factor of g and 42.
14
Suppose 13*i = 12*i + 10. What is the greatest common factor of 5 and i?
5
Suppose f = 4*i - 251, 5*f - 207 = -3*i + 2*f. What is the highest common divisor of i and 16?
16
Let v be (-6)/(-15) + (-98)/(-5). Let c be 192/v + 6/15. Calculate the highest common factor of c and 40.
10
Suppose -2*p + 14 - 4 = -2*k, 19 = -5*k - p. Let d(a) = a**3 + 3*a**2 - 4*a + 5. Let m be d(k). What is the greatest common divisor of 5 and m?
5
Suppose -3*t - 1755 = -18*t. Calculate the highest common factor of 9 and t.
9
Suppose -4*d + 3*v + 924 = 0, -2*d + 6*d - 4*v = 920. What is the highest common factor of d and 26?
26
Let j be ((-16)/10)/(6/(-15)). What is the greatest common factor of j and 2?
2
Let m = 5 + 35. What is the highest common factor of m and 16?
8
Let b = 4 + -8. Let h(f) = -f**3 - 2*f**2 + 5*f + 1. Let u be h(b). Suppose -4*t = 2*n - 186 + 40, 4*t - 16 = 0. What is the greatest common divisor of n and u?
13
Let r(d) = 8*d**3 - 3*d**2 - 3*d + 2. Let y be r(3). What is the highest common divisor of y and 26?
26
Let i(u) = 8*u. Let q be i(2). Let b = -112 - -114. What is the highest common divisor of q and b?
2
Let s(l) = l**2 + 15*l + 3. Let h be s(10). Calculate the greatest common factor of 23 and h.
23
Suppose 3*x + 175 = 4*s, 2*x + 60 + 26 = 2*s. What is the greatest common divisor of s and 46?
46
Let c = 7 + -2. Suppose 3*w = -4*l + 12, -w - w = 4*l - 16. Suppose l*o - o = 75. What is the greatest common factor of c and o?
5
Let p = -2 + 20. Let u = -7 - -43. Suppose -2*k + u = 2*k. Calculate the greatest common divisor of k and p.
9
Let x = 164 + -92. What is the highest common divisor of 12 and x?
12
Suppose -150 = -4*x - 2*y, 0 = 3*x + 2*y + 2*y - 120. What is the greatest common factor of 54 and x?
18
Let l be 2/(-5) + 524/10. Suppose 2*x - x + 1 = 0. Let w be ((-3)/(-3))/x*-13. What is the greatest common divisor of l and w?
13
Suppose 24 = -2*q + 4*q. Calculate the highest common divisor of q and 20.
4
Suppose -2*l + 105 = 5*l. Suppose 5*z + 9 = y, -5*z + 10 = 4*y - 1. Let j be 0 + (2 + 162 - z). What is the highest common divisor of j and l?
15
Let i be 285/(-30)*(-2)/1. Calculate the greatest common factor of 19 and i.
19
Suppose 64 = 3*q + 13. Suppose 5*m - q = 8. Calculate the greatest common factor of 55 and m.
5
Suppose -104*w - 48 = -107*w. What is the greatest common factor of 12 and w?
4
Let x be (-3)/(-9)*3*103. Let q = 151 - x. Suppose 2*m + 66 = 2*l, -25 = -4*l - 4*m + 99. What is the highest common divisor of q and l?
16
Let a be ((-7)/(-21))/((-2)/(-42)). Suppose 5*v - 3*m = 257, 2*v - 4*m = -7*m + 86. What is the highest common factor of a and v?
7
Suppose 0 = 5*s + 3*f - 59, 0 = -2*f + 5 + 1. Calculate the greatest common divisor of 80 and s.
10
Suppose -28 = -7*o + 63. What is the highest common factor of 13 and o?
13
Let g = 68 + 108. Calculate the highest common divisor of 16 and g.
16
Suppose -5*t + 14*o + 135 = 17*o, 0 = 3*t - 3*o - 105. Let m be (-9)/(-2)*(22 - 2). What is the greatest common divisor of m and t?
30
Suppose -z = -2*z + 10. What is the highest common factor of z and 25?
5
Let o(s) = -17*s + 5. Let n be o(-3). Calculate the greatest common divisor of 140 and n.
28
Let d(j) = 5*j. Let c be d(3). Suppose 0 = -6*x + 2*x + 672. Let g = x + -108. What is the greatest common divisor of g and c?
15
Suppose 0 = -2*y - 5*w - 1, 3*y = -y + 5*w + 13. Suppose -2*m = y*m - 300. Suppose 81 + 9 = 3*n. What is the greatest common factor of m and n?
15
Let t = -3 - -10. Let k(m) = -m**2 + 7*m + 8. Let j be k(t). Let c be 4/(-14) + 394/7. Calculate the greatest common divisor of c and j.
8
Suppose i - 10 = -3*r, -r - i + 0*i + 4 = 0. Suppose r*b = -b. Suppose -3*s = 9, b = -6*u + u - 3*s + 26. Calculate the greatest common factor of u and 7.
7
Let c be 4/(-16) - (-1)/((-4)/(-109)). What is the highest common factor of 9 and c?
9
Suppose -3*r + 31 = 4*c, 2*c - 5*r + 4*r = 3. Let v be 10 + (-2 - 2)/c. What is the greatest common factor of 9 and v?
9
Suppose 3*n - 16 = 5. What is the greatest common divisor of 7 and n?
7
Let z = -51 - -245. Let o = z - 12. What is the highest common factor of 26 and o?
26
Let a = -2 - -2. Suppose -3*s + 8*s + 3*d - 80 = 0, -2*d - 10 = a. Let o = -32 + 51. Calculate the greatest common divisor of o and s.
19
Let h be -33*(0 + 1)/(-3). Let a = 19 - 16. Suppose 3*k + 0*k - a = 0. Calculate the highest common factor of h and k.
1
Let s(i) = -i**2 - 10*i + 8. Let l be s(-8). Calculate the greatest common divisor of l and 60.
12
Let s = 10 - 7. Suppose 0*o - s*m = 5*o - 29, 5*o - 8 = 4*m. Let x be (-13 + 1)*10/(-3). Calculate the highest common factor of o and x.
4
Let m = -48 - -123. Let l be 20/((-30)/9 + 4). What is the greatest common factor of l and m?
15
Suppose 0 = -4*a - a + 60. Suppose -4*i + 0*q = -4*q - 432, -4*q = i - 108. What is the highest common divisor of a and i?
12
Suppose 2*t + t - 9 = 0. Let k = 7 - t. What is the highest common divisor of 6 and k?
2
Let g(y) = -y + 5. Let c be g(-5). Suppose -2*t = 2*t - 16. Suppose -31 - 69 = -t*f. What is the greatest common divisor of f and c?
5
Let v be 2*26/4 + -1. Suppose -51 = -c - t - 0*t, 2*c - 111 = -5*t. What is the greatest common factor of v and c?
12
Let k(o) = -o**2 - 6*o + 3. Let m be k(-5). Suppose 4*i - m*i + 32 = 0. What is the highest common divisor of i and 4?
4
Let r be 6 - (-3 + 1) - 3. Let c be -3*